se 3*j = m - 21, -3*j = -m + j + 17. Suppose 2*b - 3*h = -0*b + 15, 4*b - 5*h = m. List the prime factors of (-8)/b - 70/(-6).
11
Let i be (13 + -3)*(-2)/(-2). Suppose -1 = n, i = k - 3*n + n. List the prime factors of k.
2
Let u(m) = -21*m**3 - 4*m - 20*m**3 - 1 + m**2 + 6*m - 3*m. Let d be u(-1). Suppose -5*i - d = -4*n, 2*n - 2*i = 4*n - 12. What are the prime factors of n?
2
Let d(j) = -j + 11. Let r be d(8). Suppose -3*a - r = -6. What are the prime factors of a/3 - (-26)/3?
3
Suppose -t = 3*r + 4 - 0, -3*r + 4*t + 16 = 0. Suppose w - 17 = -4*v, r = -3*v + w + 4. List the prime factors of v.
3
Let d(i) be the third derivative of i**4/24 + 10*i**3/3 + 6*i**2. List the prime factors of d(-10).
2, 5
Let d(x) = -x - 4. Suppose 3*r + 6 = -2*f, -f = f - 2*r + 16. Let b be d(f). Suppose b = g - 3. List the prime factors of g.
5
Suppose -2*o = -5*n - 40, -3 = -n - o - 4. Let y = -22 + -2. What are the prime factors of (n/4)/(9/y)?
2
Let b(k) = -16*k**3 - 2*k**2 + 1. Let f = -7 + 6. What are the prime factors of b(f)?
3, 5
Suppose 3*i + 59 = -5*x, -2*i + 3*i + 23 = -x. Suppose 1 - 7 = 3*b. List the prime factors of -2 + 1*i/b.
2, 3
Let u = 171 + -117. List the prime factors of u.
2, 3
Suppose 9*y = -3*n + 4*y - 204, -2*n = -5*y + 111. Suppose -4*g = 4*z + 7 + 5, g = 3*z - 3. What are the prime factors of (6/7)/(g/n)?
2, 3
Suppose -3*c + 6*b + 153 = 2*b, -4*c + 4*b = -200. What are the prime factors of c?
47
Let b be (-90)/(-4)*18/15. Let n = 49 - b. What are the prime factors of n?
2, 11
Let s be (1*-15)/(-4 - -3). What are the prime factors of ((-70)/s)/((-4)/6)?
7
Let l(u) = 15*u - 2. List the prime factors of l(4).
2, 29
Let s = 37 + -15. Let c = -8 + s. List the prime factors of c.
2, 7
Let m be 3*(-4)/18*-42. Let s be 2 + (-5)/((-10)/m). Suppose 3*i + 2*o = 11 - 0, 4*i = -4*o + s. What are the prime factors of i?
3
Let k(y) = -y + 9. Let q = 1 - 8. List the prime factors of k(q).
2
Suppose -3*n + 4*u + 158 = 0, 0*n + n = 3*u + 51. What are the prime factors of n?
2, 3
Let g be (3/2)/((-1)/(-2)). Suppose 0 = -g*q + 2*q - 5. What are the prime factors of (-125)/10*4/q?
2, 5
Let w(z) = 5*z - 11. Let f be w(8). Let t = -6 + f. What are the prime factors of t?
23
Let i(y) = -2*y - 4. Let q be i(-10). Suppose q = 2*c + 2*c. Suppose 0 = -c*n + 10 + 6. List the prime factors of n.
2
Let l(s) = 6*s - 7. Let r be l(5). Let f = r - 20. What are the prime factors of f?
3
Let z be 2/(-4)*0/1. List the prime factors of 8 + 1 + -2 + z.
7
Let l be 1/((-3)/2 + 2). Suppose -4*u + 5*h = -68, -3*h + h = l*u - 16. What are the prime factors of u?
2, 3
Let d(t) = -106*t**3 - t**2 - 2*t - 1. What are the prime factors of d(-1)?
2, 53
Let i be (-26)/4 - 2/(-4). What are the prime factors of (56/6)/(-4)*i?
2, 7
Let s = 79 + -53. List the prime factors of s.
2, 13
Suppose 0 = -4*k + 6 + 6. Let q(f) = 2 + 0 + 11*f - k. List the prime factors of q(1).
2, 5
What are the prime factors of 1/9*-2 - 7072/(-72)?
2, 7
Suppose 8*g - 3*g - 10 = 0. Suppose 0 = -h + w + g, w = -4*h + 2*w + 20. Suppose -v - h = -3*v. List the prime factors of v.
3
Let j be 7/2 - 1/2. Suppose -4 = -4*w + j*m - 2*m, -2*m + 4 = -2*w. Suppose -3*g + 25 = -w*g + 4*r, g = 4*r - 7. List the prime factors of g.
3
Suppose 4*d = -3*d + 490. List the prime factors of d.
2, 5, 7
Let r(w) = w - 17. Let t be r(0). List the prime factors of (t/4)/((-3)/12).
17
Let u(d) be the third derivative of d**5/60 - d**4/24 + 2*d**2. Let k be u(2). Suppose -k*b + 26 = -0*b. What are the prime factors of b?
13
Let x be 10/35 + 696/14. Suppose -3*m + 8*m = x. Let z = m - 2. What are the prime factors of z?
2
Let i(t) = -t**2 + 5*t - 4. Let c be i(3). Let z be c/7 - (-305)/35. Suppose -4*j + 1 + z = -2*r, 4*j = -r + 19. What are the prime factors of j?
2
What are the prime factors of ((-16)/(-24))/((-1)/(-141))?
2, 47
Let b(g) = 7*g - 58. What are the prime factors of b(22)?
2, 3
Suppose -5*r + 1361 = 2*a, 3*a = -3*r - 0*r + 813. List the prime factors of r.
3, 7, 13
List the prime factors of (4 + -3 - -560)*(-2)/(-6).
11, 17
Let b = -106 + 192. What are the prime factors of b?
2, 43
Let h(w) = w**2 + 4*w - 8. Let n be h(-6). Suppose 66 + 86 = n*y. Suppose -y = -4*l - 2*b, l + 5*b - 25 = -2*l. List the prime factors of l.
2, 5
Let x be ((-4)/(-3))/(2/(-42)). Let u be x/24 + 1/6. What are the prime factors of ((-3)/6)/u*14?
7
Let v(q) = q + 3. Let t be v(5). Suppose -n = -4*y - t - 13, -4*n = -y - 39. What are the prime factors of n?
3
Let s(t) = -3*t - 5. Let r be s(-4). Let i = -6 + r. Let m = i - -3. List the prime factors of m.
2
Let n be 3/(-2 + (-74)/(-34)). Suppose -n = -2*i - f, -3*i + i + 3*f + 13 = 0. List the prime factors of i.
2
Let j = 404 - 219. List the prime factors of j.
5, 37
What are the prime factors of 3 + (4 + -28)*-3?
3, 5
Let s(r) be the third derivative of r**4/12 + r**3/3 - 5*r**2. What are the prime factors of s(5)?
2, 3
Suppose o + 39 = a, -o = -4*a - 0*o + 168. Suppose 4*q - 20 - 20 = 4*x, -4*q = -x - a. List the prime factors of q.
11
Let c = 172 + -47. What are the prime factors of c?
5
Let g(b) = 0*b + 7 + 5 + b**3 - 8*b - 5*b**2 + 13*b**2. List the prime factors of g(-9).
3
Let v = 23 + -12. Let f be (1/1 + v)/2. Suppose f*t - z - 71 = 3*t, -4*t + 102 = -5*z. What are the prime factors of t?
23
Suppose 8 = h - 0*h. Suppose -l + h = 3*l. Suppose -22 + l = -2*o. What are the prime factors of o?
2, 5
Let u(s) = 1. Let j(l) = l. Let z(i) = -3*j(i) - 2*u(i). List the prime factors of z(-5).
13
Let l(q) = q**2 + 2*q - 2. Let f be l(2). Let k = -3 - -4. Let n = f - k. What are the prime factors of n?
5
Let l be ((-18)/15)/((-6)/40). Let a be (-4)/2 - (-6 - -5). Let d = l - a. What are the prime factors of d?
3
Let t = 114 + -90. List the prime factors of t.
2, 3
Let r(i) = -11*i - 6. What are the prime factors of r(-4)?
2, 19
Suppose -2*p = p, -25 = -5*r + 3*p. Suppose -3*t = -r*s + 183, s - 61 = -2*t - 14. List the prime factors of s.
3, 13
Let j(k) = k**2 + 2*k. Let l be j(-3). Suppose -80 = l*q - 7*q. What are the prime factors of q?
2, 5
Let f(n) = n**3 + 4*n**2 + 4*n - 1. Let o be f(-3). Let m(x) = 13*x**3 + 2*x**2 - x. Let w be m(1). List the prime factors of (14/o)/((-7)/w).
7
Suppose -3*t + 0*t = 42. Suppose -26*k = -31*k + 25. Let z = k - t. What are the prime factors of z?
19
Suppose 2*u - 11 = -3*h + 3, 5*h - 22 = -3*u. Suppose -s - u = -3*s. Suppose -4 = -5*i - n + 47, s*n + 8 = 0. What are the prime factors of i?
11
Let x(f) = 4*f**3 - 10*f**2 + 9*f - 11. Let r(y) = 7*y**3 - 19*y**2 + 18*y - 21. Let m(u) = 3*r(u) - 5*x(u). List the prime factors of m(6).
2, 5
Let k(b) = -b**2 + 8*b + 6. Let l be k(8). Let v(w) = -w + 12. Let z be v(l). Suppose -j = -1 - z. List the prime factors of j.
7
Suppose -350 = -4*q + 2*l, -5*q = -3*q - 3*l - 169. List the prime factors of q.
89
Suppose -3*m = -15 - 0, 0 = 4*l + m - 85. Let d(i) = -i**2 - 9*i - 10. Let w be d(-7). What are the prime factors of 3/w*(l + 4)?
2, 3
Suppose -3*s - 3*l + 417 = 0, -3*s + 190 = 4*l - 222. List the prime factors of s.
2, 3
Let d be ((-3)/2)/((-3)/8). Let t be (5/10)/(-2 + 291/144). Suppose 0 = d*o - o - t. List the prime factors of o.
2
Let t(u) = -10*u**2 - 4*u**3 - 5*u + 3*u**2 - 8 + 3*u**3 - 5*u. What are the prime factors of t(-6)?
2
Let k = 3 - -1. Suppose -3*n + k = p + 3*p, -4*n + 3 = 3*p. Let z = 11 - n. List the prime factors of z.
11
Suppose 18*q - 6*q = 732. What are the prime factors of q?
61
Suppose 3*x = 5*r - 11, 2*r = -5*x - 3*r - 5. Let o be (x/1)/(2/(-32)). Let p = -19 + o. What are the prime factors of p?
13
Let p(q) = 64*q - 3. What are the prime factors of p(2)?
5
Suppose -3*d + 6*d = 2*l - 507, -5*l - 2*d = -1277. What are the prime factors of l?
3, 5, 17
Suppose 0 = -5*x + 165 - 45. List the prime factors of x.
2, 3
Let f(g) = -g. Let d be f(-5). Let y be (-8 + 4)/(1/d). Let u = y + 28. List the prime factors of u.
2
Suppose 0 = l - 3, 0 = -3*k + 2*k + 3*l - 8. List the prime factors of (90/24)/(k/4).
3, 5
Let d be -12*3/((-6)/8). Suppose d = 3*r + r. What are the prime factors of r?
2, 3
What are the prime factors of (-3 - -1) + (-2 - -46 - 6)?
2, 3
Let t = 4 - 1. Suppose -4*a + 43 = t. What are the prime factors of a?
2, 5
Let d = -15 + 37. Let t = -19 - d. Let x = -28 - t. List the prime facto